55299012.
2, 11, 17, 207619
List the prime factors of 4360539066.
2, 3, 13, 17, 53, 62047
What are the prime factors of 908842699?
107, 157, 54101
List the prime factors of 621916672.
2, 13, 223, 419
List the prime factors of 2350619023.
2350619023
What are the prime factors of 3110463886?
2, 97, 881, 18199
List the prime factors of 804074945.
5, 1811, 88799
List the prime factors of 54427452.
2, 3, 281, 16141
What are the prime factors of 1278351?
3, 142039
What are the prime factors of 3114995172?
2, 3, 41, 6331291
What are the prime factors of 163344728?
2, 53, 191, 2017
List the prime factors of 1240541641.
47, 223, 118361
What are the prime factors of 11213843?
11213843
List the prime factors of 1033721379.
3, 38285977
What are the prime factors of 83201704?
2, 1511, 6883
List the prime factors of 124913686.
2, 47, 53, 25073
List the prime factors of 6091566224.
2, 47, 8100487
What are the prime factors of 9410339?
19, 523, 947
List the prime factors of 7495040642.
2, 37, 5197, 19489
List the prime factors of 92260658.
2, 7, 29, 113, 2011
What are the prime factors of 634576964?
2, 7, 22663463
What are the prime factors of 48952556?
2, 23, 532093
List the prime factors of 2011289919.
3, 37, 181, 100109
List the prime factors of 487952363.
491, 993793
List the prime factors of 31928485.
5, 23, 277639
What are the prime factors of 57359550?
2, 3, 5, 127, 3011
List the prime factors of 20045481.
3, 1097, 6091
List the prime factors of 43740612.
2, 3, 1215017
What are the prime factors of 766707639?
3, 8179, 31247
What are the prime factors of 1335363037?
31, 53, 812759
What are the prime factors of 88352640?
2, 3, 5, 5113
What are the prime factors of 50899568?
2, 37, 127, 677
List the prime factors of 111734495.
5, 59, 378761
What are the prime factors of 63353574?
2, 3, 29, 121367
What are the prime factors of 643052902?
2, 29, 31, 357649
What are the prime factors of 58116879?
3, 2152477
What are the prime factors of 219319389?
3, 31, 491, 1601
List the prime factors of 145999204.
2, 13, 103, 27259
List the prime factors of 24371856.
2, 3, 169249
What are the prime factors of 229059307?
19, 1597, 7549
List the prime factors of 215434095.
3, 5, 3023, 4751
What are the prime factors of 902817054?
2, 3, 4243, 11821
What are the prime factors of 1379415819?
3, 17, 109, 248141
What are the prime factors of 844000224?
2, 3, 17, 29, 1049
What are the prime factors of 4979618566?
2, 13, 109, 139, 12641
List the prime factors of 13223447.
53, 249499
List the prime factors of 430221033.
3, 11, 47, 92461
List the prime factors of 135475008.
2, 3, 29, 839
What are the prime factors of 4265880711?
3, 41, 34681957
What are the prime factors of 71594456?
2, 101, 88607
List the prime factors of 131374104.
2, 3, 5473921
List the prime factors of 66620220.
2, 3, 5, 179, 6203
What are the prime factors of 1335540837?
3, 19, 23430541
What are the prime factors of 295268836?
2, 29, 71, 35851
What are the prime factors of 241700224?
2, 1888283
List the prime factors of 8201522.
2, 7, 83689
What are the prime factors of 159488652?
2, 3, 113, 117617
What are the prime factors of 813869183?
813869183
List the prime factors of 150596381.
13, 11584337
What are the prime factors of 246384675?
3, 5, 1095043
What are the prime factors of 157471292?
2, 11, 3578893
What are the prime factors of 225322315?
5, 29, 1553947
List the prime factors of 70014067.
47, 1489661
What are the prime factors of 1575358908?
2, 3, 41, 79, 40531
What are the prime factors of 35093834?
2, 37, 474241
List the prime factors of 32434751.
32434751
What are the prime factors of 4349071657?
7, 5659, 109789
List the prime factors of 11706593.
11706593
List the prime factors of 52300891.
17, 29, 106087
List the prime factors of 167369902.
2, 7, 59, 202627
What are the prime factors of 608760261?
3, 67640029
List the prime factors of 737565956.
2, 184391489
What are the prime factors of 91157185?
5, 7, 67, 38873
What are the prime factors of 564019531?
199, 2834269
List the prime factors of 579245171.
41, 14127931
What are the prime factors of 6012289?
1621, 3709
List the prime factors of 652160874.
2, 3, 29, 3748051
What are the prime factors of 310698753?
3, 103566251
What are the prime factors of 1471041231?
3, 11, 797, 55931
List the prime factors of 310859327.
577, 538751
What are the prime factors of 186770743?
186770743
List the prime factors of 71289883.
7, 10184269
What are the prime factors of 48894444?
2, 3, 1358179
List the prime factors of 39409581.
3, 53, 59, 4201
What are the prime factors of 112289206?
2, 83, 179, 3779
List the prime factors of 2210720296.
2, 1801, 153437
What are the prime factors of 1668890640?
2, 3, 5, 6953711
What are the prime factors of 145528877?
13, 11194529
List the prime factors of 370488792.
2, 3, 41, 71, 5303
What are the prime factors of 72309443?
72309443
What are the prime factors of 1155813062?
2, 577906531
What are the prime factors of 1628999212?
2, 407249803
List the prime factors of 302997377.
23, 73, 180463
List the prime factors of 2467088.
2, 13, 29, 409
List the prime factors of 461493775.
5, 1237, 14923
What are the prime factors of 2995162387?
7, 2503, 24421
List the prime factors of 182498031.
3, 23, 61, 97, 149
What are the prime factors of 259880338?
2, 113, 1149913
List the prime factors of 125466656.
2, 7, 23, 71
List the prime factors of 956614296.
2, 3, 11, 41, 88379
List the prime factors of 648986613.
3, 11, 587, 33503
List the prime factors of 397059202.
2, 198529601
List the prime factors of 70461248.
2, 11, 13, 7699
List the prime factors of 762517003.
59, 12924017
List the prime factors of 18204816.
2, 3, 7, 54181
What are the prime factors of 79046698?
2, 2143, 18443
List the prime factors of 119401708.
2, 31, 739, 1303
What are the prime factors of 462489278?
2, 231244639
List the prime factors of 254718811.
254718811
What are the prime factors of 491667820?
2, 5, 7, 3511913
What are the prime factors of 1446231690?
2, 3, 5, 167, 96223
What are the prime factors of 6569060433?
3, 13, 168437447
List the prime factors of 1768621288.
2, 7, 59, 76471
List the prime factors of 7955657968.
2, 31, 73, 219721
List the prime factors of 4700632282.
2, 3517, 668273
List the prime factors of 6592225.
5, 457, 577
What are the prime factors of 4699813?
73, 64381
What are the prime factors of 107327872?
2, 853, 983
List the prime factors of 1130337454.
2, 565168727
What are the prime factors of 7219183906?
2, 11, 223, 1471501
List the prime factors of 1008644436.
2, 3, 857, 32693
List the prime factors of 1021290036.
2, 3, 13, 1907, 3433
What are the prime factors of 2586916618?
2, 11, 13, 9045163
List the prime factors of 39578448.
2, 3, 7, 13, 17, 41
What are the prime factors of 851205275?
5, 23, 101, 14657
List the prime factors of 1038059436.
2, 3, 659, 131267
What are the prime factors of 19166439?
3, 1861, 3433
List the prime factors of 6813961.
7, 11, 88493
List the prime factors of 1796594017.
17, 105682001
List the prime factors of 3848387944.
2, 421, 1142633
List the prime factors of 15950209.
11, 1450019
List the prime factors of 41488501.
107, 387743
What are the prime factors of 67210210?
2, 5, 311, 21611
List the prime factors of 5972081954.
2, 1433, 2083769
List the prime factors of 186181355.
5, 1759, 21169
What are the prime factors of 192549977?
61, 3156557
What are the prime factors of 1417135610?
2, 5, 11, 2087, 6173
List the prime factors of 85327247.
67, 1273541
List the prime factors of 59537026.
2, 17, 43, 193, 211
What are the prime factors of 4620763695?
3, 5, 308050913
What are the prime factors of 1856837603?
281, 6607963
What are the prime factors of 56251219?
191, 294509
What are the prime factors of 2580078813?
3, 13, 67, 491, 2011
List the prime factors of 8852715138.
2, 3, 1475452523
What are the prime factors of 13672189?
23, 137, 4339
What are the prime factors of 1285198201?
7, 317, 579179
List the prime factors of 363758170.
2, 5, 149, 241, 1013
What are the prime factors of 141912844?
2, 233, 152267
What are the prime factors of 236412751?
233, 739, 1373
What are the prime factors of 16764681?
3, 5588227
What are the prime factors of 43074150?
2, 3, 5, 7, 41023
List the prime factors of 281867376